{"id":396,"date":"2025-05-18T22:34:30","date_gmt":"2025-05-19T04:34:30","guid":{"rendered":"https:\/\/roofcatstudios.com\/?page_id=396"},"modified":"2025-05-18T22:34:31","modified_gmt":"2025-05-19T04:34:31","slug":"mastering-estereo","status":"publish","type":"page","link":"https:\/\/roofcatstudios.com\/?page_id=396","title":{"rendered":"Mastering Est\u00e9reo"},"content":{"rendered":"<p>[cs_content _p=&#8217;396&#8242;][cs_element_section _id=&#8221;1&#8243; ][cs_element_layout_row _id=&#8221;2&#8243; ][cs_element_layout_column _id=&#8221;3&#8243; ][cs_element_layout_div _id=&#8221;4&#8243; ][cs_element_icon _id=&#8221;5&#8243; ][cs_element_headline _id=&#8221;6&#8243; ][cs_content_seo]Mastering\\n\\n[\/cs_content_seo][\/cs_element_layout_div][cs_element_headline _id=&#8221;7&#8243; ][cs_content_seo]Mastering Est&eacute;reo Profesional.\\n\\n[\/cs_content_seo][cs_element_text _id=&#8221;8&#8243; ][cs_content_seo]Optimiza tu mezcla para Spotify, Apple Music, vinyl y m&aacute;s con mastering de nivel intenacional para todas las plataformas.\\n\\n[\/cs_content_seo][\/cs_element_layout_column][\/cs_element_layout_row][\/cs_element_section][cs_element_section _id=&#8221;9&#8243; ][cs_element_layout_div _id=&#8221;10&#8243; ][cs_element_layout_div_2 _id=&#8221;11&#8243; ][cs_element_image _id=&#8221;12&#8243; ][\/cs_element_layout_div_2][\/cs_element_layout_div][cs_element_layout_div _id=&#8221;13&#8243; ][cs_element_layout_div_2 _id=&#8221;14&#8243; ][cs_element_image _id=&#8221;15&#8243; ][\/cs_element_layout_div_2][\/cs_element_layout_div][\/cs_element_section][cs_element_section _id=&#8221;16&#8243; ][cs_element_layout_grid _id=&#8221;17&#8243; ][cs_element_layout_cell _id=&#8221;18&#8243; ][cs_element_headline _id=&#8221;19&#8243; ][cs_content_seo]Control Room\\n\\nRoof Cat Studios\\n\\n[\/cs_content_seo][cs_element_layout_div _id=&#8221;20&#8243; ][\/cs_element_layout_div][cs_element_layout_div _id=&#8221;21&#8243; ][cs_element_image _id=&#8221;22&#8243; ][\/cs_element_layout_div][\/cs_element_layout_cell][\/cs_element_layout_grid][\/cs_element_section][cs_element_section _id=&#8221;23&#8243; ][cs_element_layout_row _id=&#8221;24&#8243; ][cs_element_layout_column _id=&#8221;25&#8243; ][cs_element_layout_row_2 _id=&#8221;26&#8243; ][cs_element_layout_column_2 _id=&#8221;27&#8243; ][cs_element_headline _id=&#8221;28&#8243; ][cs_content_seo]Masteriza\\n\\n[\/cs_content_seo][\/cs_element_layout_column_2][cs_element_layout_column_2 _id=&#8221;29&#8243; ][cs_element_headline _id=&#8221;30&#8243; ][cs_content_seo]&amp;\\n\\n[\/cs_content_seo][\/cs_element_layout_column_2][cs_element_layout_column_2 _id=&#8221;31&#8243; ][cs_element_headline _id=&#8221;32&#8243; ][cs_content_seo]Publica.\\n\\n[\/cs_content_seo][\/cs_element_layout_column_2][\/cs_element_layout_row_2][cs_element_headline _id=&#8221;33&#8243; ][cs_content_seo]&#8221;El mastering est&eacute;reo es el &uacute;ltimo paso en la producci&oacute;n musical. Corrige frecuencias, balance y volumen para que tu canci&oacute;n suene consistente y competitiva en cualquier reproductor. En Roof Cat Studios, usamos herramientas anal&oacute;gicas y digitales de alta gama para potenciar tu m&uacute;sica.&#8221;\\n\\n[\/cs_content_seo][\/cs_element_layout_column][\/cs_element_layout_row][\/cs_element_section][cs_element_section _id=&#8221;34&#8243; ][cs_element_layout_div _id=&#8221;35&#8243; ][cs_element_layout_row _id=&#8221;36&#8243; ][cs_element_layout_column _id=&#8221;37&#8243; ][cs_element_headline _id=&#8221;38&#8243; ][cs_content_seo]&iquest;Qu&eacute; obtienes con nuestro mastering est&eacute;reo?\\n\\nQuick caption here\\n\\n[\/cs_content_seo][cs_element_text _id=&#8221;39&#8243; ][cs_content_seo]\ud83d\udd0a&nbsp;Sonido radio-ready: Equilibrio perfecto entre graves, medios y agudos.<\/p>\n<p>\ud83d\udcc8&nbsp;Volumen competitivo: Sin sacrificar din&aacute;mica (cumpliendo con LUFS de plataformas).<\/p>\n<p>\ud83c\udf10&nbsp;Formatos incluidos: WAV, MP3, Apple Digital Masters (enlace a tu p&aacute;gina si la tienes).<\/p>\n<p>\u23f1\ufe0f&nbsp;Entrega r&aacute;pida: 24-48 horas (opcional).<\/p>\n<p>\\n\\n[\/cs_content_seo][\/cs_element_layout_column][\/cs_element_layout_row][cs_element_layout_row _id=&#8221;40&#8243; ][cs_element_layout_column _id=&#8221;41&#8243; ][cs_element_headline _id=&#8221;42&#8243; ][cs_content_seo]&iquest;C&oacute;mo Funciona? (3 Pasos Sencillos)\\n\\nQuick caption here\\n\\n[\/cs_content_seo][cs_element_text _id=&#8221;43&#8243; ][cs_content_seo]Sube tu mezcla: Formatos aceptados (WAV 24-bit, etc.).<\/p>\n<p>Ajustes personalizados: Ecualizaci&oacute;n, compresi&oacute;n, limitaci&oacute;n, etc. (opcional: menciona herramientas como iZotope, SSL, etc.).<\/p>\n<p>Descarga tu master: + informe t&eacute;cnico (ej: an&aacute;lisis espectral).<\/p>\n<p>\\n\\n[\/cs_content_seo][cs_element_layout_grid _id=&#8221;44&#8243; ][cs_element_layout_cell _id=&#8221;45&#8243; ][cs_element_button _id=&#8221;46&#8243; ][cs_content_seo]Solicitar Master\\n\\n[\/cs_content_seo][\/cs_element_layout_cell][cs_element_layout_cell _id=&#8221;47&#8243; ][cs_element_text _id=&#8221;48&#8243; ][cs_content_seo]&iquest;Urgente? Podemos resolver tu necesidad de mastering en menos de 24 horas.\\n\\n[\/cs_content_seo][\/cs_element_layout_cell][\/cs_element_layout_grid][\/cs_element_layout_column][\/cs_element_layout_row][\/cs_element_layout_div][\/cs_element_section][cs_element_section _id=&#8221;49&#8243; ][cs_element_layout_div _id=&#8221;50&#8243; ][cs_element_rating _id=&#8221;51&#8243; ][cs_element_headline _id=&#8221;52&#8243; ][cs_content_seo]Testimonios\\n\\nQuick caption here\\n\\n[\/cs_content_seo][cs_element_layout_row _id=&#8221;53&#8243; ][cs_element_layout_column _id=&#8221;54&#8243; ][cs_element_layout_div_2 _id=&#8221;55&#8243; ][cs_element_text _id=&#8221;56&#8243; ][cs_content_seo]\u201cThank you for making it painless, pleasant and most of all hassle free! Cornerstone is both attractive and highly adaptable. Keep up the excellent work. I will let my mum know about this, she could really make use of Cornerstone!\u201d\\n\\n[\/cs_content_seo][cs_element_layout_row_2 _id=&#8221;57&#8243; ][cs_element_layout_column_2 _id=&#8221;58&#8243; ][cs_element_image _id=&#8221;59&#8243; ][\/cs_element_layout_column_2][cs_element_layout_column_2 _id=&#8221;60&#8243; ][cs_element_headline _id=&#8221;61&#8243; ][cs_content_seo]Brietta Pimm\\n\\nFlipopia\\n\\n[\/cs_content_seo][\/cs_element_layout_column_2][\/cs_element_layout_row_2][\/cs_element_layout_div_2][\/cs_element_layout_column][cs_element_layout_column _id=&#8221;62&#8243; ][cs_element_layout_div_2 _id=&#8221;63&#8243; ][cs_element_text _id=&#8221;64&#8243; ][cs_content_seo]\u201cI will let my mum know about this, she could really make use of Cornerstone! Dude, your stuff is the bomb! This is simply unbelievable! Cornerstone should be nominated for service of the year.\u201d\\n\\n[\/cs_content_seo][cs_element_layout_row_2 _id=&#8221;65&#8243; ][cs_element_layout_column_2 _id=&#8221;66&#8243; ][cs_element_image _id=&#8221;67&#8243; ][\/cs_element_layout_column_2][cs_element_layout_column_2 _id=&#8221;68&#8243; ][cs_element_headline _id=&#8221;69&#8243; ][cs_content_seo]Noni Kiln\\n\\nPlambee\\n\\n[\/cs_content_seo][\/cs_element_layout_column_2][\/cs_element_layout_row_2][\/cs_element_layout_div_2][\/cs_element_layout_column][cs_element_layout_column _id=&#8221;70&#8243; ][cs_element_layout_div_2 _id=&#8221;71&#8243; ][cs_element_text _id=&#8221;72&#8243; ][cs_content_seo]\u201cWe were treated like royalty. Absolutely wonderful! I like Cornerstone more and more each day because it makes my life a lot easier. I would also like to say thank you to all your staff.\u201d\\n\\n[\/cs_content_seo][cs_element_layout_row_2 _id=&#8221;73&#8243; ][cs_element_layout_column_2 _id=&#8221;74&#8243; ][cs_element_image _id=&#8221;75&#8243; ][\/cs_element_layout_column_2][cs_element_layout_column_2 _id=&#8221;76&#8243; ][cs_element_headline _id=&#8221;77&#8243; ][cs_content_seo]Celina Batchley\\n\\nWordify\\n\\n[\/cs_content_seo][\/cs_element_layout_column_2][\/cs_element_layout_row_2][\/cs_element_layout_div_2][\/cs_element_layout_column][cs_element_layout_column _id=&#8221;78&#8243; ][cs_element_layout_div_2 _id=&#8221;79&#8243; ][cs_element_text _id=&#8221;80&#8243; ][cs_content_seo]\u201cIt really saves me time and effort. Cornerstone is exactly what our business has been lacking. Needless to say we are extremely satisfied with the results. No matter where you go, Cornerstone is the coolest, most happening thing around!\u201d\\n\\n[\/cs_content_seo][cs_element_layout_row_2 _id=&#8221;81&#8243; ][cs_element_layout_column_2 _id=&#8221;82&#8243; ][cs_element_image _id=&#8221;83&#8243; ][\/cs_element_layout_column_2][cs_element_layout_column_2 _id=&#8221;84&#8243; ][cs_element_headline _id=&#8221;85&#8243; ][cs_content_seo]Jeannette Cankett\\n\\nGigaclub\\n\\n[\/cs_content_seo][\/cs_element_layout_column_2][\/cs_element_layout_row_2][\/cs_element_layout_div_2][\/cs_element_layout_column][cs_element_layout_column _id=&#8221;86&#8243; ][cs_element_layout_div_2 _id=&#8221;87&#8243; ][cs_element_text _id=&#8221;88&#8243; ][cs_content_seo]\u201cIt&#8217;s really wonderful. Buy this now. Cornerstone has got everything I need. I made back the purchase price in just 48 hours! I will definitely be ordering again. I just can&#8217;t get enough of how this thing operates.\u201d\\n\\n[\/cs_content_seo][cs_element_layout_row_2 _id=&#8221;89&#8243; ][cs_element_layout_column_2 _id=&#8221;90&#8243; ][cs_element_image _id=&#8221;91&#8243; ][\/cs_element_layout_column_2][cs_element_layout_column_2 _id=&#8221;92&#8243; ][cs_element_headline _id=&#8221;93&#8243; ][cs_content_seo]Orlan Dallimore\\n\\nSkynoodle\\n\\n[\/cs_content_seo][\/cs_element_layout_column_2][\/cs_element_layout_row_2][\/cs_element_layout_div_2][\/cs_element_layout_column][cs_element_layout_column _id=&#8221;94&#8243; ][cs_element_layout_div_2 _id=&#8221;95&#8243; ][cs_element_text _id=&#8221;96&#8243; ][cs_content_seo]\u201cWithout Cornerstone, we would have gone bankrupt by now. Cornerstone impressed me on multiple levels. Best. Product. Ever! Thanks for the great service. Cornerstone is both attractive and highly adaptable.\u201d\\n\\n[\/cs_content_seo][cs_element_layout_row_2 _id=&#8221;97&#8243; ][cs_element_layout_column_2 _id=&#8221;98&#8243; ][cs_element_image _id=&#8221;99&#8243; ][\/cs_element_layout_column_2][cs_element_layout_column_2 _id=&#8221;100&#8243; ][cs_element_headline _id=&#8221;101&#8243; ][cs_content_seo]Elysia MacClay\\n\\nDablist\\n\\n[\/cs_content_seo][\/cs_element_layout_column_2][\/cs_element_layout_row_2][\/cs_element_layout_div_2][\/cs_element_layout_column][\/cs_element_layout_row][\/cs_element_layout_div][\/cs_element_section][cs_element_section _id=&#8221;102&#8243; ][cs_element_layout_div _id=&#8221;103&#8243; ][cs_element_text _id=&#8221;104&#8243; ][cs_content_seo]Preguntas frecuentes\\n\\n[\/cs_content_seo][cs_element_headline _id=&#8221;105&#8243; ][cs_content_seo]FAQ\\n\\nQuick caption here\\n\\n[\/cs_content_seo][cs_element_text _id=&#8221;106&#8243; ][cs_content_seo]&#8221;&iquest;Qu&eacute; necesito para enviar mi mezcla?&#8221; &rarr; Respuesta: Formato WAV o AIFF, en la calidad nativa de la mezcla, sin efectos en Master Bus, consulta nuestra gu&iacute;a para mayor referencia.<\/p>\n<p>&#8220;&iquest;Hacen revisiones?&#8221; &rarr; Respuesta: S&iacute;, revisiones ilimitadas.<\/p>\n<p>&#8220;&iquest;Realizan trabajos urgentes?&#8221; &rarr; Respuesta: S&iacute;, con un retorno del trabajo de menos de 24 horas (con costo adicional).<br \/>\n\\n\\n[\/cs_content_seo][cs_element_layout_grid _id=&#8221;107&#8243; ][cs_element_layout_cell _id=&#8221;108&#8243; ][cs_element_image _id=&#8221;109&#8243; ][\/cs_element_layout_cell][cs_element_layout_cell _id=&#8221;110&#8243; ][cs_element_image _id=&#8221;111&#8243; ][\/cs_element_layout_cell][cs_element_layout_cell _id=&#8221;112&#8243; ][cs_element_image _id=&#8221;113&#8243; ][\/cs_element_layout_cell][cs_element_layout_cell _id=&#8221;114&#8243; ][cs_element_image _id=&#8221;115&#8243; ][\/cs_element_layout_cell][\/cs_element_layout_grid][\/cs_element_layout_div][\/cs_element_section][cs_element_section _id=&#8221;116&#8243; ][cs_element_layout_div _id=&#8221;117&#8243; ][cs_element_headline _id=&#8221;118&#8243; ][cs_content_seo]Conoce sobre el Trabajo en Roof Cat Studios\\n\\nQuick caption here\\n\\n[\/cs_content_seo][cs_element_text _id=&#8221;119&#8243; ][cs_content_seo]Estamos orgullosos y honrados de los proyectos en los que hemos participado\\n\\n[\/cs_content_seo][cs_element_layout_row _id=&#8221;120&#8243; ][cs_element_layout_column _id=&#8221;121&#8243; ][cs_element_layout_div_2 _id=&#8221;122&#8243; ][cs_element_image _id=&#8221;123&#8243; ][\/cs_element_layout_div_2][cs_element_layout_div_2 _id=&#8221;124&#8243; ][cs_element_layout_div_3 _id=&#8221;125&#8243; ][cs_element_headline _id=&#8221;126&#8243; ][cs_content_seo]{{dc:post:publish_date format=&#8221;F j, Y&#8221;}}\\n\\nQuick caption here\\n\\n[\/cs_content_seo][\/cs_element_layout_div_3][cs_element_headline _id=&#8221;127&#8243; ][cs_content_seo]{{dc:post:title}}\\n\\nKeep this content short\\n\\n[\/cs_content_seo][cs_element_button _id=&#8221;128&#8243; ][\/cs_element_layout_div_2][\/cs_element_layout_column][\/cs_element_layout_row][cs_element_button _id=&#8221;129&#8243; ][cs_content_seo]More Posts\\n\\n[\/cs_content_seo][\/cs_element_layout_div][\/cs_element_section][\/cs_content]<\/p>\n","protected":false},"excerpt":{"rendered":"<p>[cs_content _p=&#8217;396&#8242;][cs_element_section _id=&#8221;1&#8243; ][cs_element_layout_row _id=&#8221;2&#8243; ][cs_element_layout_column _id=&#8221;3&#8243; ][cs_element_layout_div _id=&#8221;4&#8243; ][cs_element_icon _id=&#8221;5&#8243; ][cs_element_headline _id=&#8221;6&#8243; ][cs_content_seo]Mastering\\n\\n[\/cs_content_seo][\/cs_element_layout_div][cs_element_headline _id=&#8221;7&#8243; ][cs_content_seo]Mastering Est&eacute;reo Profesional.\\n\\n[\/cs_content_seo][cs_element_text _id=&#8221;8&#8243; ][cs_content_seo]Optimiza tu mezcla para Spotify, Apple Music, vinyl y m&aacute;s con mastering de nivel intenacional para todas las plataformas.\\n\\n[\/cs_content_seo][\/cs_element_layout_column][\/cs_element_layout_row][\/cs_element_section][cs_element_section _id=&#8221;9&#8243; ][cs_element_layout_div _id=&#8221;10&#8243; ][cs_element_layout_div_2 _id=&#8221;11&#8243; ][cs_element_image _id=&#8221;12&#8243; ][\/cs_element_layout_div_2][\/cs_element_layout_div][cs_element_layout_div _id=&#8221;13&#8243; ][cs_element_layout_div_2 _id=&#8221;14&#8243; ][cs_element_image _id=&#8221;15&#8243; ][\/cs_element_layout_div_2][\/cs_element_layout_div][\/cs_element_section][cs_element_section _id=&#8221;16&#8243; ][cs_element_layout_grid _id=&#8221;17&#8243; [&hellip;]<\/p>\n","protected":false},"author":1,"featured_media":0,"parent":0,"menu_order":0,"comment_status":"closed","ping_status":"closed","template":"template-blank-4.php","meta":{"footnotes":""},"class_list":["post-396","page","type-page","status-publish","hentry"],"yoast_head":"<!-- This site is optimized with the Yoast SEO plugin v27.2 - https:\/\/yoast.com\/product\/yoast-seo-wordpress\/ -->\n<title>Mastering Est\u00e9reo - Roof Cat Studios<\/title>\n<meta name=\"robots\" content=\"index, follow, max-snippet:-1, max-image-preview:large, max-video-preview:-1\" \/>\n<link rel=\"canonical\" href=\"https:\/\/roofcatstudios.com\/?page_id=396\" \/>\n<meta property=\"og:locale\" content=\"es_MX\" \/>\n<meta property=\"og:type\" content=\"article\" \/>\n<meta property=\"og:title\" content=\"Mastering Est\u00e9reo - Roof Cat Studios\" \/>\n<meta property=\"og:description\" content=\"[cs_content _p=&#8217;396&#8242;][cs_element_section _id=&#8221;1&#8243; ][cs_element_layout_row _id=&#8221;2&#8243; ][cs_element_layout_column _id=&#8221;3&#8243; ][cs_element_layout_div _id=&#8221;4&#8243; ][cs_element_icon _id=&#8221;5&#8243; ][cs_element_headline _id=&#8221;6&#8243; ][cs_content_seo]Masteringnn[\/cs_content_seo][\/cs_element_layout_div][cs_element_headline _id=&#8221;7&#8243; ][cs_content_seo]Mastering Est&eacute;reo Profesional.nn[\/cs_content_seo][cs_element_text _id=&#8221;8&#8243; ][cs_content_seo]Optimiza tu mezcla para Spotify, Apple Music, vinyl y m&aacute;s con mastering de nivel intenacional para todas las plataformas.nn[\/cs_content_seo][\/cs_element_layout_column][\/cs_element_layout_row][\/cs_element_section][cs_element_section _id=&#8221;9&#8243; ][cs_element_layout_div _id=&#8221;10&#8243; ][cs_element_layout_div_2 _id=&#8221;11&#8243; ][cs_element_image _id=&#8221;12&#8243; ][\/cs_element_layout_div_2][\/cs_element_layout_div][cs_element_layout_div _id=&#8221;13&#8243; ][cs_element_layout_div_2 _id=&#8221;14&#8243; ][cs_element_image _id=&#8221;15&#8243; ][\/cs_element_layout_div_2][\/cs_element_layout_div][\/cs_element_section][cs_element_section _id=&#8221;16&#8243; ][cs_element_layout_grid _id=&#8221;17&#8243; [&hellip;]\" \/>\n<meta property=\"og:url\" content=\"https:\/\/roofcatstudios.com\/?page_id=396\" \/>\n<meta property=\"og:site_name\" content=\"Roof Cat Studios\" \/>\n<meta property=\"article:publisher\" content=\"https:\/\/www.facebook.com\/roofcatstudios\" \/>\n<meta property=\"article:modified_time\" content=\"2025-05-19T04:34:31+00:00\" \/>\n<meta name=\"twitter:card\" content=\"summary_large_image\" \/>\n<meta name=\"twitter:label1\" content=\"Tiempo de lectura\" \/>\n\t<meta name=\"twitter:data1\" content=\"9 minutos\" \/>\n<script type=\"application\/ld+json\" class=\"yoast-schema-graph\">{\"@context\":\"https:\/\/schema.org\",\"@graph\":[{\"@type\":\"WebPage\",\"@id\":\"https:\/\/roofcatstudios.com\/?page_id=396\",\"url\":\"https:\/\/roofcatstudios.com\/?page_id=396\",\"name\":\"Mastering Est\u00e9reo - Roof Cat Studios\",\"isPartOf\":{\"@id\":\"https:\/\/roofcatstudios.com\/#website\"},\"datePublished\":\"2025-05-19T04:34:30+00:00\",\"dateModified\":\"2025-05-19T04:34:31+00:00\",\"breadcrumb\":{\"@id\":\"https:\/\/roofcatstudios.com\/?page_id=396#breadcrumb\"},\"inLanguage\":\"es\",\"potentialAction\":[{\"@type\":\"ReadAction\",\"target\":[\"https:\/\/roofcatstudios.com\/?page_id=396\"]}]},{\"@type\":\"BreadcrumbList\",\"@id\":\"https:\/\/roofcatstudios.com\/?page_id=396#breadcrumb\",\"itemListElement\":[{\"@type\":\"ListItem\",\"position\":1,\"name\":\"Inicio\",\"item\":\"https:\/\/roofcatstudios.com\/\"},{\"@type\":\"ListItem\",\"position\":2,\"name\":\"Mastering Est\u00e9reo\"}]},{\"@type\":\"WebSite\",\"@id\":\"https:\/\/roofcatstudios.com\/#website\",\"url\":\"https:\/\/roofcatstudios.com\/\",\"name\":\"Roof Cat Studios\",\"description\":\"Estudio de Producci\u00f3n Musical, Dise\u00f1o Sonoro y Post Producci\u00f3n\",\"publisher\":{\"@id\":\"https:\/\/roofcatstudios.com\/#organization\"},\"potentialAction\":[{\"@type\":\"SearchAction\",\"target\":{\"@type\":\"EntryPoint\",\"urlTemplate\":\"https:\/\/roofcatstudios.com\/?s={search_term_string}\"},\"query-input\":{\"@type\":\"PropertyValueSpecification\",\"valueRequired\":true,\"valueName\":\"search_term_string\"}}],\"inLanguage\":\"es\"},{\"@type\":\"Organization\",\"@id\":\"https:\/\/roofcatstudios.com\/#organization\",\"name\":\"Roof Cat Studios\",\"url\":\"https:\/\/roofcatstudios.com\/\",\"logo\":{\"@type\":\"ImageObject\",\"inLanguage\":\"es\",\"@id\":\"https:\/\/roofcatstudios.com\/#\/schema\/logo\/image\/\",\"url\":\"https:\/\/roofcatstudios.com\/wp-content\/uploads\/2023\/11\/RoofCatStudioLogo_v-copia-4-2.png\",\"contentUrl\":\"https:\/\/roofcatstudios.com\/wp-content\/uploads\/2023\/11\/RoofCatStudioLogo_v-copia-4-2.png\",\"width\":500,\"height\":154,\"caption\":\"Roof Cat Studios\"},\"image\":{\"@id\":\"https:\/\/roofcatstudios.com\/#\/schema\/logo\/image\/\"},\"sameAs\":[\"https:\/\/www.facebook.com\/roofcatstudios\",\"https:\/\/www.instagram.com\/roofcatstudios\/\"]}]}<\/script>\n<!-- \/ Yoast SEO plugin. -->","yoast_head_json":{"title":"Mastering Est\u00e9reo - Roof Cat Studios","robots":{"index":"index","follow":"follow","max-snippet":"max-snippet:-1","max-image-preview":"max-image-preview:large","max-video-preview":"max-video-preview:-1"},"canonical":"https:\/\/roofcatstudios.com\/?page_id=396","og_locale":"es_MX","og_type":"article","og_title":"Mastering Est\u00e9reo - Roof Cat Studios","og_description":"[cs_content _p=&#8217;396&#8242;][cs_element_section _id=&#8221;1&#8243; ][cs_element_layout_row _id=&#8221;2&#8243; ][cs_element_layout_column _id=&#8221;3&#8243; ][cs_element_layout_div _id=&#8221;4&#8243; ][cs_element_icon _id=&#8221;5&#8243; ][cs_element_headline _id=&#8221;6&#8243; ][cs_content_seo]Masteringnn[\/cs_content_seo][\/cs_element_layout_div][cs_element_headline _id=&#8221;7&#8243; ][cs_content_seo]Mastering Est&eacute;reo Profesional.nn[\/cs_content_seo][cs_element_text _id=&#8221;8&#8243; ][cs_content_seo]Optimiza tu mezcla para Spotify, Apple Music, vinyl y m&aacute;s con mastering de nivel intenacional para todas las plataformas.nn[\/cs_content_seo][\/cs_element_layout_column][\/cs_element_layout_row][\/cs_element_section][cs_element_section _id=&#8221;9&#8243; ][cs_element_layout_div _id=&#8221;10&#8243; ][cs_element_layout_div_2 _id=&#8221;11&#8243; ][cs_element_image _id=&#8221;12&#8243; ][\/cs_element_layout_div_2][\/cs_element_layout_div][cs_element_layout_div _id=&#8221;13&#8243; ][cs_element_layout_div_2 _id=&#8221;14&#8243; ][cs_element_image _id=&#8221;15&#8243; ][\/cs_element_layout_div_2][\/cs_element_layout_div][\/cs_element_section][cs_element_section _id=&#8221;16&#8243; ][cs_element_layout_grid _id=&#8221;17&#8243; [&hellip;]","og_url":"https:\/\/roofcatstudios.com\/?page_id=396","og_site_name":"Roof Cat Studios","article_publisher":"https:\/\/www.facebook.com\/roofcatstudios","article_modified_time":"2025-05-19T04:34:31+00:00","twitter_card":"summary_large_image","twitter_misc":{"Tiempo de lectura":"9 minutos"},"schema":{"@context":"https:\/\/schema.org","@graph":[{"@type":"WebPage","@id":"https:\/\/roofcatstudios.com\/?page_id=396","url":"https:\/\/roofcatstudios.com\/?page_id=396","name":"Mastering Est\u00e9reo - Roof Cat Studios","isPartOf":{"@id":"https:\/\/roofcatstudios.com\/#website"},"datePublished":"2025-05-19T04:34:30+00:00","dateModified":"2025-05-19T04:34:31+00:00","breadcrumb":{"@id":"https:\/\/roofcatstudios.com\/?page_id=396#breadcrumb"},"inLanguage":"es","potentialAction":[{"@type":"ReadAction","target":["https:\/\/roofcatstudios.com\/?page_id=396"]}]},{"@type":"BreadcrumbList","@id":"https:\/\/roofcatstudios.com\/?page_id=396#breadcrumb","itemListElement":[{"@type":"ListItem","position":1,"name":"Inicio","item":"https:\/\/roofcatstudios.com\/"},{"@type":"ListItem","position":2,"name":"Mastering Est\u00e9reo"}]},{"@type":"WebSite","@id":"https:\/\/roofcatstudios.com\/#website","url":"https:\/\/roofcatstudios.com\/","name":"Roof Cat Studios","description":"Estudio de Producci\u00f3n Musical, Dise\u00f1o Sonoro y Post Producci\u00f3n","publisher":{"@id":"https:\/\/roofcatstudios.com\/#organization"},"potentialAction":[{"@type":"SearchAction","target":{"@type":"EntryPoint","urlTemplate":"https:\/\/roofcatstudios.com\/?s={search_term_string}"},"query-input":{"@type":"PropertyValueSpecification","valueRequired":true,"valueName":"search_term_string"}}],"inLanguage":"es"},{"@type":"Organization","@id":"https:\/\/roofcatstudios.com\/#organization","name":"Roof Cat Studios","url":"https:\/\/roofcatstudios.com\/","logo":{"@type":"ImageObject","inLanguage":"es","@id":"https:\/\/roofcatstudios.com\/#\/schema\/logo\/image\/","url":"https:\/\/roofcatstudios.com\/wp-content\/uploads\/2023\/11\/RoofCatStudioLogo_v-copia-4-2.png","contentUrl":"https:\/\/roofcatstudios.com\/wp-content\/uploads\/2023\/11\/RoofCatStudioLogo_v-copia-4-2.png","width":500,"height":154,"caption":"Roof Cat Studios"},"image":{"@id":"https:\/\/roofcatstudios.com\/#\/schema\/logo\/image\/"},"sameAs":["https:\/\/www.facebook.com\/roofcatstudios","https:\/\/www.instagram.com\/roofcatstudios\/"]}]}},"jetpack_sharing_enabled":true,"_links":{"self":[{"href":"https:\/\/roofcatstudios.com\/index.php?rest_route=\/wp\/v2\/pages\/396","targetHints":{"allow":["GET"]}}],"collection":[{"href":"https:\/\/roofcatstudios.com\/index.php?rest_route=\/wp\/v2\/pages"}],"about":[{"href":"https:\/\/roofcatstudios.com\/index.php?rest_route=\/wp\/v2\/types\/page"}],"author":[{"embeddable":true,"href":"https:\/\/roofcatstudios.com\/index.php?rest_route=\/wp\/v2\/users\/1"}],"replies":[{"embeddable":true,"href":"https:\/\/roofcatstudios.com\/index.php?rest_route=%2Fwp%2Fv2%2Fcomments&post=396"}],"version-history":[{"count":26,"href":"https:\/\/roofcatstudios.com\/index.php?rest_route=\/wp\/v2\/pages\/396\/revisions"}],"predecessor-version":[{"id":530,"href":"https:\/\/roofcatstudios.com\/index.php?rest_route=\/wp\/v2\/pages\/396\/revisions\/530"}],"wp:attachment":[{"href":"https:\/\/roofcatstudios.com\/index.php?rest_route=%2Fwp%2Fv2%2Fmedia&parent=396"}],"curies":[{"name":"wp","href":"https:\/\/api.w.org\/{rel}","templated":true}]}}