{"id":59,"date":"2016-08-26T10:40:44","date_gmt":"2016-08-26T15:40:44","guid":{"rendered":"https:\/\/roofcatstudios.com\/home\/"},"modified":"2026-01-27T12:54:46","modified_gmt":"2026-01-27T18:54:46","slug":"home","status":"publish","type":"page","link":"https:\/\/roofcatstudios.com\/","title":{"rendered":"Home"},"content":{"rendered":"<p>[cs_content _p=&#8217;59&#8217;][cs_element_section _id=&#8221;1&#8243; ][cs_element_layout_row _id=&#8221;2&#8243; ][cs_element_layout_column _id=&#8221;3&#8243; ][\/cs_element_layout_column][cs_element_layout_column _id=&#8221;4&#8243; ][cs_element_headline _id=&#8221;5&#8243; ][cs_content_seo]pRODUCCI&Oacute;N MUSICAL\\n\\n[\/cs_content_seo][cs_element_layout_row_2 _id=&#8221;6&#8243; ][cs_element_layout_column_2 _id=&#8221;7&#8243; ][cs_element_image _id=&#8221;8&#8243; ][\/cs_element_layout_column_2][cs_element_layout_column_2 _id=&#8221;9&#8243; ][cs_element_headline _id=&#8221;10&#8243; ][cs_content_seo]Pre Producci&oacute;n\\n\\nMaqueta, Ensayo, Arreglo, Composici&oacute;n, Couching\\n\\n[\/cs_content_seo][\/cs_element_layout_column_2][\/cs_element_layout_row_2][cs_element_layout_row_2 _id=&#8221;11&#8243; ][cs_element_layout_column_2 _id=&#8221;12&#8243; ][cs_element_image _id=&#8221;13&#8243; ][\/cs_element_layout_column_2][cs_element_layout_column_2 _id=&#8221;14&#8243; ][cs_element_headline _id=&#8221;15&#8243; ][cs_content_seo]Producci&oacute;n\\n\\nGrabaci&oacute;n multitrack con atenci&oacute;n al detalle, re-amplificaci&oacute;n, couching vocal.\\n\\n[\/cs_content_seo][\/cs_element_layout_column_2][\/cs_element_layout_row_2][cs_element_layout_row_2 _id=&#8221;16&#8243; ][cs_element_layout_column_2 _id=&#8221;17&#8243; ][cs_element_image _id=&#8221;18&#8243; ][\/cs_element_layout_column_2][cs_element_layout_column_2 _id=&#8221;19&#8243; ][cs_element_headline _id=&#8221;20&#8243; ][cs_content_seo]Post-Producci&oacute;n\\n\\nEdici&oacute;n, Afinaci&oacute;n, Mezcla, Masterizaci&oacute;n. Mezcla Dolby Atmos. Aprobados en Apple Digital Masters.\\n\\n[\/cs_content_seo][\/cs_element_layout_column_2][\/cs_element_layout_row_2][cs_element_button _id=&#8221;21&#8243; ][cs_content_seo]Nuestros Servicios\\n\\n[\/cs_content_seo][\/cs_element_layout_column][\/cs_element_layout_row][\/cs_element_section][cs_element_section _id=&#8221;22&#8243; ][cs_element_layout_row _id=&#8221;23&#8243; ][cs_element_layout_column _id=&#8221;24&#8243; ][cs_element_headline _id=&#8221;25&#8243; ][cs_content_seo]Abrimos toda la semana\\n\\n[\/cs_content_seo][cs_element_headline _id=&#8221;26&#8243; ][cs_content_seo]9 AM to 10 PM*\\n\\n[\/cs_content_seo][cs_element_headline _id=&#8221;27&#8243; ][cs_content_seo]Lunes a Domingo de acuerdo a disponibilidad\\n\\n[\/cs_content_seo][cs_element_text _id=&#8221;28&#8243; ][cs_content_seo]Contamos con un amplio horario que se adapta a sus necesidades.\\n\\n[\/cs_content_seo][\/cs_element_layout_column][\/cs_element_layout_row][\/cs_element_section][cs_element_section _id=&#8221;29&#8243; ][cs_element_layout_row _id=&#8221;30&#8243; ][cs_element_layout_column _id=&#8221;31&#8243; ][cs_element_headline _id=&#8221;32&#8243; ][cs_content_seo]SolucionesPROfesionales para tu m&uacute;sica\\n\\n[\/cs_content_seo][cs_element_text _id=&#8221;33&#8243; ][cs_content_seo]Desde mastering est&eacute;reo hasta experiencias inmersivas en Dolby Atmos: llevamos tu sonido al nivel industry (radio ready).\\n\\n[\/cs_content_seo][cs_element_layout_row_2 _id=&#8221;34&#8243; ][cs_element_layout_column_2 _id=&#8221;35&#8243; ][cs_element_layout_row_3 _id=&#8221;36&#8243; ][cs_element_layout_column_3 _id=&#8221;37&#8243; ][cs_element_image _id=&#8221;38&#8243; ][cs_element_headline _id=&#8221;39&#8243; ][cs_content_seo]Pre Producci&oacute;n\\n\\nArreglo, ensamble, couching vocal, y todo lo necesario para llevar los elementos musicales de tu tema a su mejor versi&oacute;n posible antes de la grabaci&oacute;n.\\n\\n[\/cs_content_seo][\/cs_element_layout_column_3][\/cs_element_layout_row_3][cs_element_layout_row_3 _id=&#8221;40&#8243; ][cs_element_layout_column_3 _id=&#8221;41&#8243; ][cs_element_image _id=&#8221;42&#8243; ][cs_element_headline _id=&#8221;43&#8243; ][cs_content_seo]\ud83d\udd0a Grabaci&oacute;n\\n\\nGrabaci&oacute;n profesional con equipo de alta gama, personal con amplia experiencia y visi&oacute;n para realizar realidad el sonido buscado. Vocal Couching, preparaci&oacute;n de instrumentos y m&aacute;s.\\n\\n[\/cs_content_seo][\/cs_element_layout_column_3][\/cs_element_layout_row_3][cs_element_layout_row_3 _id=&#8221;44&#8243; ][cs_element_layout_column_3 _id=&#8221;45&#8243; ][cs_element_image _id=&#8221;46&#8243; ][cs_element_headline _id=&#8221;47&#8243; ][cs_content_seo]Edici&oacute;n y Afinaci&oacute;n\\n\\nLa edici&oacute;n es crucial para que la captura logre su mejor intenci&oacute;n. La afinaci&oacute;n es un arte que se implementa finamente para respetar la interpretaci&oacute;n del cantante y al mismo tiempo mejorar y embellecer las tomas a&uacute;n si son coros con m&uacute;ltiples armon&iacute;as.\\n\\n[\/cs_content_seo][\/cs_element_layout_column_3][\/cs_element_layout_row_3][\/cs_element_layout_column_2][cs_element_layout_column_2 _id=&#8221;48&#8243; ][cs_element_layout_row_3 _id=&#8221;49&#8243; ][cs_element_layout_column_3 _id=&#8221;50&#8243; ][cs_element_image _id=&#8221;51&#8243; ][cs_element_headline _id=&#8221;52&#8243; ][cs_content_seo]Mezcla\\n\\nGrabaci&oacute;n en locaci&oacute;n o exteriores especializada, binaural, Ambisonics y otros formatos.\\n\\n[\/cs_content_seo][\/cs_element_layout_column_3][\/cs_element_layout_row_3][cs_element_layout_row_3 _id=&#8221;53&#8243; ][cs_element_layout_column_3 _id=&#8221;54&#8243; ][cs_element_image _id=&#8221;55&#8243; ][cs_element_headline _id=&#8221;56&#8243; ][cs_content_seo]Mastering\\n\\nElemental para la finalizaci&oacute;n de tus obras y obtener un sonido balanceado, con imagen, volumen y sonoridad adecuada. Ofrecemos Mastering Est&eacute;reo, Mastering por STEMS y Dolby Atmos.\\n\\n[\/cs_content_seo][\/cs_element_layout_column_3][\/cs_element_layout_row_3][cs_element_layout_row_3 _id=&#8221;57&#8243; ][cs_element_layout_column_3 _id=&#8221;58&#8243; ][cs_element_image _id=&#8221;59&#8243; ][cs_element_headline _id=&#8221;60&#8243; ][cs_content_seo]Musicalizaci&oacute;n\\n\\nMusicalizaci&oacute;n para proyectos de video lineales, cortometrajes, largo metrajes, series, videojuegos y experiencias con m&uacute;sica din&aacute;mica.\\n\\n[\/cs_content_seo][\/cs_element_layout_column_3][\/cs_element_layout_row_3][\/cs_element_layout_column_2][\/cs_element_layout_row_2][\/cs_element_layout_column][cs_element_layout_column _id=&#8221;61&#8243; ][\/cs_element_layout_column][\/cs_element_layout_row][\/cs_element_section][cs_element_section _id=&#8221;62&#8243; ][cs_element_layout_row _id=&#8221;63&#8243; ][cs_element_layout_column _id=&#8221;64&#8243; ][cs_element_headline _id=&#8221;65&#8243; ][cs_content_seo]nuestras &uacute;ltimas&nbsp;producciones\\n\\n[\/cs_content_seo][x_recent_posts type=&#8221;post&#8221; count=&#8221;4&#8243; offset=&#8221;&#8221; category=&#8221;&#8221; orientation=&#8221;horizontal&#8221; no_sticky=&#8221;true&#8221; no_image=&#8221;false&#8221; fade=&#8221;false&#8221; style=&#8221;margin: 2em 0 2.75em;&#8221;][cs_element_button _id=&#8221;67&#8243; ][cs_content_seo]Ver todo\\n\\n[\/cs_content_seo][\/cs_element_layout_column][\/cs_element_layout_row][\/cs_element_section][cs_element_section _id=&#8221;68&#8243; ][cs_element_layout_row _id=&#8221;69&#8243; ][cs_element_layout_column _id=&#8221;70&#8243; ][cs_element_image _id=&#8221;71&#8243; ][cs_element_headline _id=&#8221;72&#8243; ][cs_content_seo]Redes sociales\\n\\n[\/cs_content_seo][cs_element_line _id=&#8221;73&#8243; ][cs_element_text _id=&#8221;74&#8243; ][cs_content_seo]https:\/\/www.facebook.com\/roofcatstudios<br \/>\nhttps:\/\/www.instagram.com\/roofcatstudios\\n\\n[\/cs_content_seo][cs_element_headline _id=&#8221;75&#8243; ][cs_content_seo]Ubicaci&oacute;n\\n\\n[\/cs_content_seo][cs_element_line _id=&#8221;76&#8243; ][cs_element_text _id=&#8221;77&#8243; ][cs_content_seo]Ciudad de M&eacute;xico, Tlalpan, Lomas de Padierna C.P. 14240\\n\\n[\/cs_content_seo][cs_element_button _id=&#8221;78&#8243; ][cs_content_seo]ABRIR UBICACI\u00d3N\\n\\n[\/cs_content_seo][cs_element_headline _id=&#8221;79&#8243; ][cs_content_seo]Whats app\\n\\n[\/cs_content_seo][cs_element_line _id=&#8221;80&#8243; ][cs_element_text _id=&#8221;81&#8243; ][cs_content_seo]+52 56 5639 7669&nbsp;\\n\\n[\/cs_content_seo][\/cs_element_layout_column][\/cs_element_layout_row][\/cs_element_section][cs_element_section _id=&#8221;82&#8243; ][cs_element_layout_row _id=&#8221;83&#8243; ][cs_element_layout_column _id=&#8221;84&#8243; ][cs_element_creative_cta _id=&#8221;85&#8243; ][cs_content_seo]Agenda una visitademostrativa\\n\\n[\/cs_content_seo][\/cs_element_layout_column][\/cs_element_layout_row][\/cs_element_section][cs_element_section _id=&#8221;86&#8243; ][cs_element_layout_row _id=&#8221;87&#8243; ][cs_element_layout_column _id=&#8221;88&#8243; ][cs_element_headline _id=&#8221;89&#8243; ][cs_content_seo]escuchar es creer&#8230;\\n\\n[\/cs_content_seo][\/cs_element_layout_column][\/cs_element_layout_row][cs_element_layout_row _id=&#8221;90&#8243; ][cs_element_layout_column _id=&#8221;91&#8243; ][cs_element_text _id=&#8221;92&#8243; ][cs_content_seo]\\n\\n[\/cs_content_seo][\/cs_element_layout_column][cs_element_layout_column _id=&#8221;93&#8243; ][cs_element_text _id=&#8221;94&#8243; ][cs_content_seo]\\n\\n[\/cs_content_seo][\/cs_element_layout_column][\/cs_element_layout_row][\/cs_element_section][\/cs_content]<\/p>\n","protected":false},"excerpt":{"rendered":"<p>[cs_content _p=&#8217;59&#8217;][cs_element_section _id=&#8221;1&#8243; ][cs_element_layout_row _id=&#8221;2&#8243; ][cs_element_layout_column _id=&#8221;3&#8243; ][\/cs_element_layout_column][cs_element_layout_column _id=&#8221;4&#8243; ][cs_element_headline _id=&#8221;5&#8243; ][cs_content_seo]pRODUCCI&Oacute;N MUSICAL\\n\\n[\/cs_content_seo][cs_element_layout_row_2 _id=&#8221;6&#8243; ][cs_element_layout_column_2 _id=&#8221;7&#8243; ][cs_element_image _id=&#8221;8&#8243; ][\/cs_element_layout_column_2][cs_element_layout_column_2 _id=&#8221;9&#8243; ][cs_element_headline _id=&#8221;10&#8243; ][cs_content_seo]Pre Producci&oacute;n\\n\\nMaqueta, Ensayo, Arreglo, Composici&oacute;n, Couching\\n\\n[\/cs_content_seo][\/cs_element_layout_column_2][\/cs_element_layout_row_2][cs_element_layout_row_2 _id=&#8221;11&#8243; ][cs_element_layout_column_2 _id=&#8221;12&#8243; ][cs_element_image _id=&#8221;13&#8243; ][\/cs_element_layout_column_2][cs_element_layout_column_2 _id=&#8221;14&#8243; ][cs_element_headline _id=&#8221;15&#8243; ][cs_content_seo]Producci&oacute;n\\n\\nGrabaci&oacute;n multitrack con atenci&oacute;n al detalle, re-amplificaci&oacute;n, couching vocal.\\n\\n[\/cs_content_seo][\/cs_element_layout_column_2][\/cs_element_layout_row_2][cs_element_layout_row_2 _id=&#8221;16&#8243; ][cs_element_layout_column_2 _id=&#8221;17&#8243; ][cs_element_image _id=&#8221;18&#8243; ][\/cs_element_layout_column_2][cs_element_layout_column_2 _id=&#8221;19&#8243; ][cs_element_headline _id=&#8221;20&#8243; [&hellip;]<\/p>\n","protected":false},"author":1,"featured_media":502,"parent":0,"menu_order":0,"comment_status":"closed","ping_status":"open","template":"template-blank-4.php","meta":{"footnotes":""},"class_list":["post-59","page","type-page","status-publish","has-post-thumbnail","hentry"],"yoast_head":"<!-- This site is optimized with the Yoast SEO plugin v27.2 - https:\/\/yoast.com\/product\/yoast-seo-wordpress\/ -->\n<title>Home - Roof Cat Studios<\/title>\n<meta name=\"description\" content=\"studio profesional de producci\u00f3n musical en CDMX. Grabaci\u00f3n, mezcla, mastering est\u00e9reo y Dolby Atmos. Servicios presenciales y online para artistas y creadores.\" \/>\n<meta name=\"robots\" content=\"index, follow, max-snippet:-1, max-image-preview:large, max-video-preview:-1\" \/>\n<link rel=\"canonical\" href=\"https:\/\/roofcatstudios.com\/\" \/>\n<meta property=\"og:locale\" content=\"es_MX\" \/>\n<meta property=\"og:type\" content=\"article\" \/>\n<meta property=\"og:title\" content=\"Home - Roof Cat Studios\" \/>\n<meta property=\"og:description\" content=\"studio profesional de producci\u00f3n musical en CDMX. Grabaci\u00f3n, mezcla, mastering est\u00e9reo y Dolby Atmos. Servicios presenciales y online para artistas y creadores.\" \/>\n<meta property=\"og:url\" content=\"https:\/\/roofcatstudios.com\/\" \/>\n<meta property=\"og:site_name\" content=\"Roof Cat Studios\" \/>\n<meta property=\"article:publisher\" content=\"https:\/\/www.facebook.com\/roofcatstudios\" \/>\n<meta property=\"article:modified_time\" content=\"2026-01-27T18:54:46+00:00\" \/>\n<meta property=\"og:image\" content=\"https:\/\/roofcatstudios.com\/wp-content\/uploads\/2023\/11\/cropped-RoofCatStudioLogo_v-copia-1-1.png\" \/>\n\t<meta property=\"og:image:width\" content=\"512\" \/>\n\t<meta property=\"og:image:height\" content=\"512\" \/>\n\t<meta property=\"og:image:type\" content=\"image\/png\" \/>\n<meta name=\"twitter:card\" content=\"summary_large_image\" \/>\n<meta name=\"twitter:label1\" content=\"Tiempo de lectura\" \/>\n\t<meta name=\"twitter:data1\" content=\"6 minutos\" \/>\n<script type=\"application\/ld+json\" class=\"yoast-schema-graph\">{\"@context\":\"https:\/\/schema.org\",\"@graph\":[{\"@type\":\"WebPage\",\"@id\":\"https:\/\/roofcatstudios.com\/\",\"url\":\"https:\/\/roofcatstudios.com\/\",\"name\":\"Home - Roof Cat Studios\",\"isPartOf\":{\"@id\":\"https:\/\/roofcatstudios.com\/#website\"},\"primaryImageOfPage\":{\"@id\":\"https:\/\/roofcatstudios.com\/#primaryimage\"},\"image\":{\"@id\":\"https:\/\/roofcatstudios.com\/#primaryimage\"},\"thumbnailUrl\":\"https:\/\/roofcatstudios.com\/wp-content\/uploads\/2023\/11\/cropped-RoofCatStudioLogo_v-copia-1-1.png\",\"datePublished\":\"2016-08-26T15:40:44+00:00\",\"dateModified\":\"2026-01-27T18:54:46+00:00\",\"description\":\"studio profesional de producci\u00f3n musical en CDMX. Grabaci\u00f3n, mezcla, mastering est\u00e9reo y Dolby Atmos. Servicios presenciales y online para artistas y creadores.\",\"breadcrumb\":{\"@id\":\"https:\/\/roofcatstudios.com\/#breadcrumb\"},\"inLanguage\":\"es\",\"potentialAction\":[{\"@type\":\"ReadAction\",\"target\":[\"https:\/\/roofcatstudios.com\/\"]}]},{\"@type\":\"ImageObject\",\"inLanguage\":\"es\",\"@id\":\"https:\/\/roofcatstudios.com\/#primaryimage\",\"url\":\"https:\/\/roofcatstudios.com\/wp-content\/uploads\/2023\/11\/cropped-RoofCatStudioLogo_v-copia-1-1.png\",\"contentUrl\":\"https:\/\/roofcatstudios.com\/wp-content\/uploads\/2023\/11\/cropped-RoofCatStudioLogo_v-copia-1-1.png\",\"width\":512,\"height\":512},{\"@type\":\"BreadcrumbList\",\"@id\":\"https:\/\/roofcatstudios.com\/#breadcrumb\",\"itemListElement\":[{\"@type\":\"ListItem\",\"position\":1,\"name\":\"Inicio\",\"item\":\"https:\/\/roofcatstudios.com\/\"},{\"@type\":\"ListItem\",\"position\":2,\"name\":\"Home\"}]},{\"@type\":\"WebSite\",\"@id\":\"https:\/\/roofcatstudios.com\/#website\",\"url\":\"https:\/\/roofcatstudios.com\/\",\"name\":\"Roof Cat Studios\",\"description\":\"Estudio de Producci\u00f3n Musical, Dise\u00f1o Sonoro y Post Producci\u00f3n\",\"publisher\":{\"@id\":\"https:\/\/roofcatstudios.com\/#organization\"},\"potentialAction\":[{\"@type\":\"SearchAction\",\"target\":{\"@type\":\"EntryPoint\",\"urlTemplate\":\"https:\/\/roofcatstudios.com\/?s={search_term_string}\"},\"query-input\":{\"@type\":\"PropertyValueSpecification\",\"valueRequired\":true,\"valueName\":\"search_term_string\"}}],\"inLanguage\":\"es\"},{\"@type\":\"Organization\",\"@id\":\"https:\/\/roofcatstudios.com\/#organization\",\"name\":\"Roof Cat Studios\",\"url\":\"https:\/\/roofcatstudios.com\/\",\"logo\":{\"@type\":\"ImageObject\",\"inLanguage\":\"es\",\"@id\":\"https:\/\/roofcatstudios.com\/#\/schema\/logo\/image\/\",\"url\":\"https:\/\/roofcatstudios.com\/wp-content\/uploads\/2023\/11\/RoofCatStudioLogo_v-copia-4-2.png\",\"contentUrl\":\"https:\/\/roofcatstudios.com\/wp-content\/uploads\/2023\/11\/RoofCatStudioLogo_v-copia-4-2.png\",\"width\":500,\"height\":154,\"caption\":\"Roof Cat Studios\"},\"image\":{\"@id\":\"https:\/\/roofcatstudios.com\/#\/schema\/logo\/image\/\"},\"sameAs\":[\"https:\/\/www.facebook.com\/roofcatstudios\",\"https:\/\/www.instagram.com\/roofcatstudios\/\"]}]}<\/script>\n<!-- \/ Yoast SEO plugin. -->","yoast_head_json":{"title":"Home - Roof Cat Studios","description":"studio profesional de producci\u00f3n musical en CDMX. Grabaci\u00f3n, mezcla, mastering est\u00e9reo y Dolby Atmos. Servicios presenciales y online para artistas y creadores.","robots":{"index":"index","follow":"follow","max-snippet":"max-snippet:-1","max-image-preview":"max-image-preview:large","max-video-preview":"max-video-preview:-1"},"canonical":"https:\/\/roofcatstudios.com\/","og_locale":"es_MX","og_type":"article","og_title":"Home - Roof Cat Studios","og_description":"studio profesional de producci\u00f3n musical en CDMX. Grabaci\u00f3n, mezcla, mastering est\u00e9reo y Dolby Atmos. Servicios presenciales y online para artistas y creadores.","og_url":"https:\/\/roofcatstudios.com\/","og_site_name":"Roof Cat Studios","article_publisher":"https:\/\/www.facebook.com\/roofcatstudios","article_modified_time":"2026-01-27T18:54:46+00:00","og_image":[{"width":512,"height":512,"url":"https:\/\/roofcatstudios.com\/wp-content\/uploads\/2023\/11\/cropped-RoofCatStudioLogo_v-copia-1-1.png","type":"image\/png"}],"twitter_card":"summary_large_image","twitter_misc":{"Tiempo de lectura":"6 minutos"},"schema":{"@context":"https:\/\/schema.org","@graph":[{"@type":"WebPage","@id":"https:\/\/roofcatstudios.com\/","url":"https:\/\/roofcatstudios.com\/","name":"Home - Roof Cat Studios","isPartOf":{"@id":"https:\/\/roofcatstudios.com\/#website"},"primaryImageOfPage":{"@id":"https:\/\/roofcatstudios.com\/#primaryimage"},"image":{"@id":"https:\/\/roofcatstudios.com\/#primaryimage"},"thumbnailUrl":"https:\/\/roofcatstudios.com\/wp-content\/uploads\/2023\/11\/cropped-RoofCatStudioLogo_v-copia-1-1.png","datePublished":"2016-08-26T15:40:44+00:00","dateModified":"2026-01-27T18:54:46+00:00","description":"studio profesional de producci\u00f3n musical en CDMX. Grabaci\u00f3n, mezcla, mastering est\u00e9reo y Dolby Atmos. Servicios presenciales y online para artistas y creadores.","breadcrumb":{"@id":"https:\/\/roofcatstudios.com\/#breadcrumb"},"inLanguage":"es","potentialAction":[{"@type":"ReadAction","target":["https:\/\/roofcatstudios.com\/"]}]},{"@type":"ImageObject","inLanguage":"es","@id":"https:\/\/roofcatstudios.com\/#primaryimage","url":"https:\/\/roofcatstudios.com\/wp-content\/uploads\/2023\/11\/cropped-RoofCatStudioLogo_v-copia-1-1.png","contentUrl":"https:\/\/roofcatstudios.com\/wp-content\/uploads\/2023\/11\/cropped-RoofCatStudioLogo_v-copia-1-1.png","width":512,"height":512},{"@type":"BreadcrumbList","@id":"https:\/\/roofcatstudios.com\/#breadcrumb","itemListElement":[{"@type":"ListItem","position":1,"name":"Inicio","item":"https:\/\/roofcatstudios.com\/"},{"@type":"ListItem","position":2,"name":"Home"}]},{"@type":"WebSite","@id":"https:\/\/roofcatstudios.com\/#website","url":"https:\/\/roofcatstudios.com\/","name":"Roof Cat Studios","description":"Estudio de Producci\u00f3n Musical, Dise\u00f1o Sonoro y Post Producci\u00f3n","publisher":{"@id":"https:\/\/roofcatstudios.com\/#organization"},"potentialAction":[{"@type":"SearchAction","target":{"@type":"EntryPoint","urlTemplate":"https:\/\/roofcatstudios.com\/?s={search_term_string}"},"query-input":{"@type":"PropertyValueSpecification","valueRequired":true,"valueName":"search_term_string"}}],"inLanguage":"es"},{"@type":"Organization","@id":"https:\/\/roofcatstudios.com\/#organization","name":"Roof Cat Studios","url":"https:\/\/roofcatstudios.com\/","logo":{"@type":"ImageObject","inLanguage":"es","@id":"https:\/\/roofcatstudios.com\/#\/schema\/logo\/image\/","url":"https:\/\/roofcatstudios.com\/wp-content\/uploads\/2023\/11\/RoofCatStudioLogo_v-copia-4-2.png","contentUrl":"https:\/\/roofcatstudios.com\/wp-content\/uploads\/2023\/11\/RoofCatStudioLogo_v-copia-4-2.png","width":500,"height":154,"caption":"Roof Cat Studios"},"image":{"@id":"https:\/\/roofcatstudios.com\/#\/schema\/logo\/image\/"},"sameAs":["https:\/\/www.facebook.com\/roofcatstudios","https:\/\/www.instagram.com\/roofcatstudios\/"]}]}},"jetpack_sharing_enabled":true,"_links":{"self":[{"href":"https:\/\/roofcatstudios.com\/index.php?rest_route=\/wp\/v2\/pages\/59","targetHints":{"allow":["GET"]}}],"collection":[{"href":"https:\/\/roofcatstudios.com\/index.php?rest_route=\/wp\/v2\/pages"}],"about":[{"href":"https:\/\/roofcatstudios.com\/index.php?rest_route=\/wp\/v2\/types\/page"}],"author":[{"embeddable":true,"href":"https:\/\/roofcatstudios.com\/index.php?rest_route=\/wp\/v2\/users\/1"}],"replies":[{"embeddable":true,"href":"https:\/\/roofcatstudios.com\/index.php?rest_route=%2Fwp%2Fv2%2Fcomments&post=59"}],"version-history":[{"count":15,"href":"https:\/\/roofcatstudios.com\/index.php?rest_route=\/wp\/v2\/pages\/59\/revisions"}],"predecessor-version":[{"id":684,"href":"https:\/\/roofcatstudios.com\/index.php?rest_route=\/wp\/v2\/pages\/59\/revisions\/684"}],"wp:featuredmedia":[{"embeddable":true,"href":"https:\/\/roofcatstudios.com\/index.php?rest_route=\/wp\/v2\/media\/502"}],"wp:attachment":[{"href":"https:\/\/roofcatstudios.com\/index.php?rest_route=%2Fwp%2Fv2%2Fmedia&parent=59"}],"curies":[{"name":"wp","href":"https:\/\/api.w.org\/{rel}","templated":true}]}}