{"id":659,"date":"2026-01-06T15:02:00","date_gmt":"2026-01-06T21:02:00","guid":{"rendered":"https:\/\/roofcatstudios.com\/?page_id=659"},"modified":"2026-01-06T15:02:00","modified_gmt":"2026-01-06T21:02:00","slug":"cancelacion","status":"publish","type":"page","link":"https:\/\/roofcatstudios.com\/?page_id=659","title":{"rendered":"Pol\u00edtica de Cancelaci\u00f3n"},"content":{"rendered":"<p>[cs_content _p=&#8217;659&#8242;][cs_element_section _id=&#8221;1&#8243; ][cs_element_layout_row _id=&#8221;2&#8243; ][cs_element_layout_column _id=&#8221;3&#8243; ][cs_element_headline _id=&#8221;4&#8243; ][cs_content_seo]Pol\u00edtica de Cancelaci\u00f3n\\n\\n[\/cs_content_seo][\/cs_element_layout_column][\/cs_element_layout_row][cs_element_layout_row _id=&#8221;5&#8243; ][cs_element_layout_column _id=&#8221;6&#8243; ][cs_element_text _id=&#8221;7&#8243; ][cs_content_seo]1. Confirmaci\u00f3n de la Reserva<br \/>\nTodas las reservas se consideran confirmadas y bloqueadas en nuestra agenda \u00fanicamente despu\u00e9s de que se haya recibido el\u00a0pago completo\u00a0de la sesi\u00f3n a trav\u00e9s de nuestro sistema en l\u00ednea (Stripe). Recibir\u00e1s un correo electr\u00f3nico de confirmaci\u00f3n con los detalles.<br \/>\n2. Cancelaci\u00f3n por Parte del Cliente<\/p>\n<p>Reagenda:\u00a0Puedes reagendar tu sesi\u00f3n\u00a0una sola vez, sin costo adicional, con al menos\u00a048 horas de anticipaci\u00f3n\u00a0a la hora de inicio original. Para hacerlo, debes contactarnos v\u00eda\u00a0WhatsApp al +52 56 5639 7669.<\/p>\n<p>Cancelaci\u00f3n Total:\u00a0Si decides cancelar tu sesi\u00f3n (sin reagendar):<\/p>\n<p>Con m\u00e1s de\u00a07 d\u00edas de anticipaci\u00f3n: Se reembolsar\u00e1 el\u00a080%\u00a0del monto pagado.<\/p>\n<p>Con entre\u00a02 y 7 d\u00edas de anticipaci\u00f3n: Se reembolsar\u00e1 el\u00a050%\u00a0del monto pagado.<\/p>\n<p>Con menos de\u00a048 horas de anticipaci\u00f3n:\u00a0No hay derecho a reembolso. El pago completo se retiene como compensaci\u00f3n por el tiempo de estudio bloqueado que no podr\u00e1 ser vendido a otro cliente.<\/p>\n<p>3. &#8220;No Show&#8221; (Falta sin Aviso)<br \/>\nSi el cliente no se presenta a la sesi\u00f3n a la hora acordada y no se comunica para reagendar o cancelar, la sesi\u00f3n se dar\u00e1 por perdida y\u00a0no habr\u00e1 derecho a reembolso ni a reagenda.<br \/>\n4. Cancelaci\u00f3n por Parte de Roof Cat Studios<br \/>\nEn casos excepcionales (falla t\u00e9cnica mayor, emergencia del ingeniero, etc.), nos reservamos el derecho de cancelar o reagendar la sesi\u00f3n. En tal caso, el cliente podr\u00e1 elegir entre:<\/p>\n<p>Reagendar la sesi\u00f3n\u00a0a la primera fecha disponible conveniente, o<\/p>\n<p>Recibir un reembolso completo del 100%\u00a0del monto pagado.<\/p>\n<p>5. Retrasos<br \/>\nEl tiempo de estudio comienza y termina en la hora reservada. Si el cliente llega tarde, la sesi\u00f3n terminar\u00e1 a la hora originalmente pautada. El tiempo perdido no se compensa ni se reembolsa.\\n\\n[\/cs_content_seo][\/cs_element_layout_column][\/cs_element_layout_row][\/cs_element_section][\/cs_content]<\/p>\n","protected":false},"excerpt":{"rendered":"<p>[cs_content _p=&#8217;659&#8242;][cs_element_section _id=&#8221;1&#8243; ][cs_element_layout_row _id=&#8221;2&#8243; ][cs_element_layout_column _id=&#8221;3&#8243; ][cs_element_headline _id=&#8221;4&#8243; ][cs_content_seo]Pol\u00edtica de Cancelaci\u00f3n\\n\\n[\/cs_content_seo][\/cs_element_layout_column][\/cs_element_layout_row][cs_element_layout_row _id=&#8221;5&#8243; ][cs_element_layout_column _id=&#8221;6&#8243; ][cs_element_text _id=&#8221;7&#8243; ][cs_content_seo]1. Confirmaci\u00f3n de la Reserva Todas las reservas se consideran confirmadas y bloqueadas en nuestra agenda \u00fanicamente despu\u00e9s de que se haya recibido el\u00a0pago completo\u00a0de la sesi\u00f3n a trav\u00e9s de nuestro sistema en l\u00ednea (Stripe). Recibir\u00e1s un correo [&hellip;]<\/p>\n","protected":false},"author":1,"featured_media":0,"parent":0,"menu_order":0,"comment_status":"closed","ping_status":"closed","template":"template-blank-4.php","meta":{"footnotes":""},"class_list":["post-659","page","type-page","status-publish","hentry"],"yoast_head":"<!-- This site is optimized with the Yoast SEO plugin v27.2 - https:\/\/yoast.com\/product\/yoast-seo-wordpress\/ -->\n<title>Pol\u00edtica de Cancelaci\u00f3n - Roof Cat Studios<\/title>\n<meta name=\"robots\" content=\"index, follow, max-snippet:-1, max-image-preview:large, max-video-preview:-1\" \/>\n<link rel=\"canonical\" href=\"https:\/\/roofcatstudios.com\/?page_id=659\" \/>\n<meta property=\"og:locale\" content=\"es_MX\" \/>\n<meta property=\"og:type\" content=\"article\" \/>\n<meta property=\"og:title\" content=\"Pol\u00edtica de Cancelaci\u00f3n - Roof Cat Studios\" \/>\n<meta property=\"og:description\" content=\"[cs_content _p=&#8217;659&#8242;][cs_element_section _id=&#8221;1&#8243; ][cs_element_layout_row _id=&#8221;2&#8243; ][cs_element_layout_column _id=&#8221;3&#8243; ][cs_element_headline _id=&#8221;4&#8243; ][cs_content_seo]Pol\u00edtica de Cancelaci\u00f3nnn[\/cs_content_seo][\/cs_element_layout_column][\/cs_element_layout_row][cs_element_layout_row _id=&#8221;5&#8243; ][cs_element_layout_column _id=&#8221;6&#8243; ][cs_element_text _id=&#8221;7&#8243; ][cs_content_seo]1. Confirmaci\u00f3n de la Reserva Todas las reservas se consideran confirmadas y bloqueadas en nuestra agenda \u00fanicamente despu\u00e9s de que se haya recibido el\u00a0pago completo\u00a0de la sesi\u00f3n a trav\u00e9s de nuestro sistema en l\u00ednea (Stripe). Recibir\u00e1s un correo [&hellip;]\" \/>\n<meta property=\"og:url\" content=\"https:\/\/roofcatstudios.com\/?page_id=659\" \/>\n<meta property=\"og:site_name\" content=\"Roof Cat Studios\" \/>\n<meta property=\"article:publisher\" content=\"https:\/\/www.facebook.com\/roofcatstudios\" \/>\n<meta name=\"twitter:card\" content=\"summary_large_image\" \/>\n<meta name=\"twitter:label1\" content=\"Tiempo de lectura\" \/>\n\t<meta name=\"twitter:data1\" content=\"2 minutos\" \/>\n<script type=\"application\/ld+json\" class=\"yoast-schema-graph\">{\"@context\":\"https:\/\/schema.org\",\"@graph\":[{\"@type\":\"WebPage\",\"@id\":\"https:\/\/roofcatstudios.com\/?page_id=659\",\"url\":\"https:\/\/roofcatstudios.com\/?page_id=659\",\"name\":\"Pol\u00edtica de Cancelaci\u00f3n - Roof Cat Studios\",\"isPartOf\":{\"@id\":\"https:\/\/roofcatstudios.com\/#website\"},\"datePublished\":\"2026-01-06T21:02:00+00:00\",\"breadcrumb\":{\"@id\":\"https:\/\/roofcatstudios.com\/?page_id=659#breadcrumb\"},\"inLanguage\":\"es\",\"potentialAction\":[{\"@type\":\"ReadAction\",\"target\":[\"https:\/\/roofcatstudios.com\/?page_id=659\"]}]},{\"@type\":\"BreadcrumbList\",\"@id\":\"https:\/\/roofcatstudios.com\/?page_id=659#breadcrumb\",\"itemListElement\":[{\"@type\":\"ListItem\",\"position\":1,\"name\":\"Inicio\",\"item\":\"https:\/\/roofcatstudios.com\/\"},{\"@type\":\"ListItem\",\"position\":2,\"name\":\"Pol\u00edtica de Cancelaci\u00f3n\"}]},{\"@type\":\"WebSite\",\"@id\":\"https:\/\/roofcatstudios.com\/#website\",\"url\":\"https:\/\/roofcatstudios.com\/\",\"name\":\"Roof Cat Studios\",\"description\":\"Estudio de Producci\u00f3n Musical, Dise\u00f1o Sonoro y Post Producci\u00f3n\",\"publisher\":{\"@id\":\"https:\/\/roofcatstudios.com\/#organization\"},\"potentialAction\":[{\"@type\":\"SearchAction\",\"target\":{\"@type\":\"EntryPoint\",\"urlTemplate\":\"https:\/\/roofcatstudios.com\/?s={search_term_string}\"},\"query-input\":{\"@type\":\"PropertyValueSpecification\",\"valueRequired\":true,\"valueName\":\"search_term_string\"}}],\"inLanguage\":\"es\"},{\"@type\":\"Organization\",\"@id\":\"https:\/\/roofcatstudios.com\/#organization\",\"name\":\"Roof Cat Studios\",\"url\":\"https:\/\/roofcatstudios.com\/\",\"logo\":{\"@type\":\"ImageObject\",\"inLanguage\":\"es\",\"@id\":\"https:\/\/roofcatstudios.com\/#\/schema\/logo\/image\/\",\"url\":\"https:\/\/roofcatstudios.com\/wp-content\/uploads\/2023\/11\/RoofCatStudioLogo_v-copia-4-2.png\",\"contentUrl\":\"https:\/\/roofcatstudios.com\/wp-content\/uploads\/2023\/11\/RoofCatStudioLogo_v-copia-4-2.png\",\"width\":500,\"height\":154,\"caption\":\"Roof Cat Studios\"},\"image\":{\"@id\":\"https:\/\/roofcatstudios.com\/#\/schema\/logo\/image\/\"},\"sameAs\":[\"https:\/\/www.facebook.com\/roofcatstudios\",\"https:\/\/www.instagram.com\/roofcatstudios\/\"]}]}<\/script>\n<!-- \/ Yoast SEO plugin. -->","yoast_head_json":{"title":"Pol\u00edtica de Cancelaci\u00f3n - Roof Cat Studios","robots":{"index":"index","follow":"follow","max-snippet":"max-snippet:-1","max-image-preview":"max-image-preview:large","max-video-preview":"max-video-preview:-1"},"canonical":"https:\/\/roofcatstudios.com\/?page_id=659","og_locale":"es_MX","og_type":"article","og_title":"Pol\u00edtica de Cancelaci\u00f3n - Roof Cat Studios","og_description":"[cs_content _p=&#8217;659&#8242;][cs_element_section _id=&#8221;1&#8243; ][cs_element_layout_row _id=&#8221;2&#8243; ][cs_element_layout_column _id=&#8221;3&#8243; ][cs_element_headline _id=&#8221;4&#8243; ][cs_content_seo]Pol\u00edtica de Cancelaci\u00f3nnn[\/cs_content_seo][\/cs_element_layout_column][\/cs_element_layout_row][cs_element_layout_row _id=&#8221;5&#8243; ][cs_element_layout_column _id=&#8221;6&#8243; ][cs_element_text _id=&#8221;7&#8243; ][cs_content_seo]1. Confirmaci\u00f3n de la Reserva Todas las reservas se consideran confirmadas y bloqueadas en nuestra agenda \u00fanicamente despu\u00e9s de que se haya recibido el\u00a0pago completo\u00a0de la sesi\u00f3n a trav\u00e9s de nuestro sistema en l\u00ednea (Stripe). Recibir\u00e1s un correo [&hellip;]","og_url":"https:\/\/roofcatstudios.com\/?page_id=659","og_site_name":"Roof Cat Studios","article_publisher":"https:\/\/www.facebook.com\/roofcatstudios","twitter_card":"summary_large_image","twitter_misc":{"Tiempo de lectura":"2 minutos"},"schema":{"@context":"https:\/\/schema.org","@graph":[{"@type":"WebPage","@id":"https:\/\/roofcatstudios.com\/?page_id=659","url":"https:\/\/roofcatstudios.com\/?page_id=659","name":"Pol\u00edtica de Cancelaci\u00f3n - Roof Cat Studios","isPartOf":{"@id":"https:\/\/roofcatstudios.com\/#website"},"datePublished":"2026-01-06T21:02:00+00:00","breadcrumb":{"@id":"https:\/\/roofcatstudios.com\/?page_id=659#breadcrumb"},"inLanguage":"es","potentialAction":[{"@type":"ReadAction","target":["https:\/\/roofcatstudios.com\/?page_id=659"]}]},{"@type":"BreadcrumbList","@id":"https:\/\/roofcatstudios.com\/?page_id=659#breadcrumb","itemListElement":[{"@type":"ListItem","position":1,"name":"Inicio","item":"https:\/\/roofcatstudios.com\/"},{"@type":"ListItem","position":2,"name":"Pol\u00edtica de Cancelaci\u00f3n"}]},{"@type":"WebSite","@id":"https:\/\/roofcatstudios.com\/#website","url":"https:\/\/roofcatstudios.com\/","name":"Roof Cat Studios","description":"Estudio de Producci\u00f3n Musical, Dise\u00f1o Sonoro y Post Producci\u00f3n","publisher":{"@id":"https:\/\/roofcatstudios.com\/#organization"},"potentialAction":[{"@type":"SearchAction","target":{"@type":"EntryPoint","urlTemplate":"https:\/\/roofcatstudios.com\/?s={search_term_string}"},"query-input":{"@type":"PropertyValueSpecification","valueRequired":true,"valueName":"search_term_string"}}],"inLanguage":"es"},{"@type":"Organization","@id":"https:\/\/roofcatstudios.com\/#organization","name":"Roof Cat Studios","url":"https:\/\/roofcatstudios.com\/","logo":{"@type":"ImageObject","inLanguage":"es","@id":"https:\/\/roofcatstudios.com\/#\/schema\/logo\/image\/","url":"https:\/\/roofcatstudios.com\/wp-content\/uploads\/2023\/11\/RoofCatStudioLogo_v-copia-4-2.png","contentUrl":"https:\/\/roofcatstudios.com\/wp-content\/uploads\/2023\/11\/RoofCatStudioLogo_v-copia-4-2.png","width":500,"height":154,"caption":"Roof Cat Studios"},"image":{"@id":"https:\/\/roofcatstudios.com\/#\/schema\/logo\/image\/"},"sameAs":["https:\/\/www.facebook.com\/roofcatstudios","https:\/\/www.instagram.com\/roofcatstudios\/"]}]}},"jetpack_sharing_enabled":true,"_links":{"self":[{"href":"https:\/\/roofcatstudios.com\/index.php?rest_route=\/wp\/v2\/pages\/659","targetHints":{"allow":["GET"]}}],"collection":[{"href":"https:\/\/roofcatstudios.com\/index.php?rest_route=\/wp\/v2\/pages"}],"about":[{"href":"https:\/\/roofcatstudios.com\/index.php?rest_route=\/wp\/v2\/types\/page"}],"author":[{"embeddable":true,"href":"https:\/\/roofcatstudios.com\/index.php?rest_route=\/wp\/v2\/users\/1"}],"replies":[{"embeddable":true,"href":"https:\/\/roofcatstudios.com\/index.php?rest_route=%2Fwp%2Fv2%2Fcomments&post=659"}],"version-history":[{"count":3,"href":"https:\/\/roofcatstudios.com\/index.php?rest_route=\/wp\/v2\/pages\/659\/revisions"}],"predecessor-version":[{"id":662,"href":"https:\/\/roofcatstudios.com\/index.php?rest_route=\/wp\/v2\/pages\/659\/revisions\/662"}],"wp:attachment":[{"href":"https:\/\/roofcatstudios.com\/index.php?rest_route=%2Fwp%2Fv2%2Fmedia&parent=659"}],"curies":[{"name":"wp","href":"https:\/\/api.w.org\/{rel}","templated":true}]}}