{"id":719,"date":"2026-01-11T23:22:26","date_gmt":"2026-01-12T05:22:26","guid":{"rendered":"https:\/\/roofcatstudios.com\/product-tables-repro\/"},"modified":"2026-01-12T15:05:58","modified_gmt":"2026-01-12T21:05:58","slug":"product-tables-repro","status":"publish","type":"page","link":"https:\/\/roofcatstudios.com\/?page_id=719","title":{"rendered":"Tiendamala"},"content":{"rendered":"<p>[cs_content _p=&#8217;719&#8242;][cs_element_section _id=&#8221;1&#8243; ][cs_element_layout_row _id=&#8221;2&#8243; ][cs_element_layout_column _id=&#8221;3&#8243; ][cs_element_headline _id=&#8221;4&#8243; ][cs_content_seo]Primary headline.\\n\\n[\/cs_content_seo][cs_element_headline _id=&#8221;5&#8243; ][cs_content_seo]Lorem ipsum dolor sit amet, consectetur adipiscing elit. Pellentesque pretium, nisi ut volutpat mollis, leo risus interdum arcu, eget facilisis quam felis.\\n\\n[\/cs_content_seo][\/cs_element_layout_column][\/cs_element_layout_row][\/cs_element_section][cs_element_section _id=&#8221;6&#8243; ][cs_element_layout_row _id=&#8221;7&#8243; ][cs_element_layout_column _id=&#8221;8&#8243; ][cs_element_headline _id=&#8221;9&#8243; ][cs_content_seo]Product Name\\n\\n[\/cs_content_seo][cs_element_layout_row_2 _id=&#8221;10&#8243; ][cs_element_layout_column_2 _id=&#8221;11&#8243; ][cs_element_button _id=&#8221;12&#8243; ][cs_content_seo]Learn more\\n\\n[\/cs_content_seo][\/cs_element_layout_column_2][cs_element_layout_column_2 _id=&#8221;13&#8243; ][cs_element_button _id=&#8221;14&#8243; ][cs_content_seo]Buy\\n\\n[\/cs_content_seo][\/cs_element_layout_column_2][\/cs_element_layout_row_2][cs_element_image _id=&#8221;15&#8243; ][\/cs_element_layout_column][cs_element_layout_column _id=&#8221;16&#8243; ][cs_element_headline _id=&#8221;17&#8243; ][cs_content_seo]Product Name\\n\\n[\/cs_content_seo][cs_element_layout_row_2 _id=&#8221;18&#8243; ][cs_element_layout_column_2 _id=&#8221;19&#8243; ][cs_element_button _id=&#8221;20&#8243; ][cs_content_seo]Learn more\\n\\n[\/cs_content_seo][\/cs_element_layout_column_2][cs_element_layout_column_2 _id=&#8221;21&#8243; ][cs_element_button _id=&#8221;22&#8243; ][cs_content_seo]Buy\\n\\n[\/cs_content_seo][\/cs_element_layout_column_2][\/cs_element_layout_row_2][cs_element_image _id=&#8221;23&#8243; ][\/cs_element_layout_column][\/cs_element_layout_row][\/cs_element_section][cs_element_section _id=&#8221;24&#8243; ][cs_element_layout_row _id=&#8221;25&#8243; ][cs_element_layout_column _id=&#8221;26&#8243; ][cs_element_layout_row_2 _id=&#8221;27&#8243; ][cs_element_layout_column_2 _id=&#8221;28&#8243; ][cs_element_headline _id=&#8221;29&#8243; ][cs_content_seo]Short and sweet section headline.\\n\\nfeature caption\\n\\n[\/cs_content_seo][\/cs_element_layout_column_2][cs_element_layout_column_2 _id=&#8221;30&#8243; ][cs_element_layout_row_3 _id=&#8221;31&#8243; ][cs_element_layout_column_3 _id=&#8221;32&#8243; ][cs_element_image _id=&#8221;33&#8243; ][cs_element_headline _id=&#8221;34&#8243; ][cs_content_seo]Product Name\\n\\n$____\\n\\n[\/cs_content_seo][cs_element_button _id=&#8221;35&#8243; ][cs_content_seo]Buy\\n\\n[\/cs_content_seo][\/cs_element_layout_column_3][cs_element_layout_column_3 _id=&#8221;36&#8243; ][cs_element_image _id=&#8221;37&#8243; ][cs_element_headline _id=&#8221;38&#8243; ][cs_content_seo]Product Name\\n\\nStarting at $____\\n\\n[\/cs_content_seo][cs_element_button _id=&#8221;39&#8243; ][cs_content_seo]Buy\\n\\n[\/cs_content_seo][\/cs_element_layout_column_3][\/cs_element_layout_row_3][\/cs_element_layout_column_2][\/cs_element_layout_row_2][cs_element_layout_row_2 _id=&#8221;40&#8243; ][cs_element_layout_column_2 _id=&#8221;41&#8243; ][cs_element_headline _id=&#8221;42&#8243; ][cs_content_seo]Feature\\n\\nfeature caption\\n\\n[\/cs_content_seo][\/cs_element_layout_column_2][cs_element_layout_column_2 _id=&#8221;43&#8243; ][cs_element_layout_row_3 _id=&#8221;44&#8243; ][cs_element_layout_column_3 _id=&#8221;45&#8243; ][cs_element_text _id=&#8221;46&#8243; ][cs_content_seo]Info\\n\\n[\/cs_content_seo][\/cs_element_layout_column_3][cs_element_layout_column_3 _id=&#8221;47&#8243; ][cs_element_text _id=&#8221;48&#8243; ][cs_content_seo]Info\\n\\n[\/cs_content_seo][\/cs_element_layout_column_3][\/cs_element_layout_row_3][\/cs_element_layout_column_2][\/cs_element_layout_row_2][cs_element_layout_row_2 _id=&#8221;49&#8243; ][cs_element_layout_column_2 _id=&#8221;50&#8243; ][cs_element_headline _id=&#8221;51&#8243; ][cs_content_seo]Feature\\n\\nfeature caption\\n\\n[\/cs_content_seo][\/cs_element_layout_column_2][cs_element_layout_column_2 _id=&#8221;52&#8243; ][cs_element_layout_row_3 _id=&#8221;53&#8243; ][cs_element_layout_column_3 _id=&#8221;54&#8243; ][cs_element_icon _id=&#8221;55&#8243; ][\/cs_element_layout_column_3][cs_element_layout_column_3 _id=&#8221;56&#8243; ][cs_element_icon _id=&#8221;57&#8243; ][\/cs_element_layout_column_3][\/cs_element_layout_row_3][\/cs_element_layout_column_2][\/cs_element_layout_row_2][cs_element_layout_row_2 _id=&#8221;58&#8243; ][cs_element_layout_column_2 _id=&#8221;59&#8243; ][cs_element_headline _id=&#8221;60&#8243; ][cs_content_seo]Feature\\n\\nfeature caption\\n\\n[\/cs_content_seo][\/cs_element_layout_column_2][cs_element_layout_column_2 _id=&#8221;61&#8243; ][cs_element_layout_row_3 _id=&#8221;62&#8243; ][cs_element_layout_column_3 _id=&#8221;63&#8243; ][cs_element_icon _id=&#8221;64&#8243; ][\/cs_element_layout_column_3][cs_element_layout_column_3 _id=&#8221;65&#8243; ][cs_element_icon _id=&#8221;66&#8243; ][\/cs_element_layout_column_3][\/cs_element_layout_row_3][\/cs_element_layout_column_2][\/cs_element_layout_row_2][cs_element_layout_row_2 _id=&#8221;67&#8243; ][cs_element_layout_column_2 _id=&#8221;68&#8243; ][cs_element_headline _id=&#8221;69&#8243; ][cs_content_seo]Feature\\n\\nfeature caption\\n\\n[\/cs_content_seo][\/cs_element_layout_column_2][cs_element_layout_column_2 _id=&#8221;70&#8243; ][cs_element_layout_row_3 _id=&#8221;71&#8243; ][cs_element_layout_column_3 _id=&#8221;72&#8243; ][cs_element_text _id=&#8221;73&#8243; ][cs_content_seo]Some information will be slightly longer\\n\\n[\/cs_content_seo][\/cs_element_layout_column_3][cs_element_layout_column_3 _id=&#8221;74&#8243; ][cs_element_text _id=&#8221;75&#8243; ][cs_content_seo]Some information will be slightly longer\\n\\n[\/cs_content_seo][\/cs_element_layout_column_3][\/cs_element_layout_row_3][\/cs_element_layout_column_2][\/cs_element_layout_row_2][\/cs_element_layout_column][\/cs_element_layout_row][\/cs_element_section][cs_element_section _id=&#8221;76&#8243; ][cs_element_layout_row _id=&#8221;77&#8243; ][cs_element_layout_column _id=&#8221;78&#8243; ][cs_element_layout_row_2 _id=&#8221;79&#8243; ][cs_element_layout_column_2 _id=&#8221;80&#8243; ][cs_element_headline _id=&#8221;81&#8243; ][cs_content_seo]Another short headline.\\n\\nPersonalized engraving, exclusively online.\\n\\n[\/cs_content_seo][cs_element_headline _id=&#8221;82&#8243; ][cs_content_seo]Keep this bit short and sweet so it doesn&#8217;t go on too long.\\n\\nPersonalized engraving, exclusively online.\\n\\n[\/cs_content_seo][cs_element_layout_row_3 _id=&#8221;83&#8243; ][cs_element_layout_column_3 _id=&#8221;84&#8243; ][cs_element_button _id=&#8221;85&#8243; ][cs_content_seo]Learn more\\n\\n[\/cs_content_seo][\/cs_element_layout_column_3][cs_element_layout_column_3 _id=&#8221;86&#8243; ][cs_element_button _id=&#8221;87&#8243; ][cs_content_seo]Buy\\n\\n[\/cs_content_seo][\/cs_element_layout_column_3][\/cs_element_layout_row_3][\/cs_element_layout_column_2][cs_element_layout_column_2 _id=&#8221;88&#8243; ][cs_element_image _id=&#8221;89&#8243; ][\/cs_element_layout_column_2][\/cs_element_layout_row_2][\/cs_element_layout_column][\/cs_element_layout_row][\/cs_element_section][\/cs_content]<\/p>\n","protected":false},"excerpt":{"rendered":"<p>[cs_content _p=&#8217;719&#8242;][cs_element_section _id=&#8221;1&#8243; ][cs_element_layout_row _id=&#8221;2&#8243; ][cs_element_layout_column _id=&#8221;3&#8243; ][cs_element_headline _id=&#8221;4&#8243; ][cs_content_seo]Primary headline.\\n\\n[\/cs_content_seo][cs_element_headline _id=&#8221;5&#8243; ][cs_content_seo]Lorem ipsum dolor sit amet, consectetur adipiscing elit. Pellentesque pretium, nisi ut volutpat mollis, leo risus interdum arcu, eget facilisis quam felis.\\n\\n[\/cs_content_seo][\/cs_element_layout_column][\/cs_element_layout_row][\/cs_element_section][cs_element_section _id=&#8221;6&#8243; ][cs_element_layout_row _id=&#8221;7&#8243; ][cs_element_layout_column _id=&#8221;8&#8243; ][cs_element_headline _id=&#8221;9&#8243; ][cs_content_seo]Product Name\\n\\n[\/cs_content_seo][cs_element_layout_row_2 _id=&#8221;10&#8243; ][cs_element_layout_column_2 _id=&#8221;11&#8243; ][cs_element_button _id=&#8221;12&#8243; ][cs_content_seo]Learn more\\n\\n[\/cs_content_seo][\/cs_element_layout_column_2][cs_element_layout_column_2 _id=&#8221;13&#8243; ][cs_element_button _id=&#8221;14&#8243; ][cs_content_seo]Buy\\n\\n[\/cs_content_seo][\/cs_element_layout_column_2][\/cs_element_layout_row_2][cs_element_image _id=&#8221;15&#8243; [&hellip;]<\/p>\n","protected":false},"author":1,"featured_media":0,"parent":0,"menu_order":0,"comment_status":"closed","ping_status":"closed","template":"template-blank-4.php","meta":{"footnotes":""},"class_list":["post-719","page","type-page","status-publish","hentry"],"yoast_head":"<!-- This site is optimized with the Yoast SEO plugin v27.2 - https:\/\/yoast.com\/product\/yoast-seo-wordpress\/ -->\n<title>Tiendamala - Roof Cat Studios<\/title>\n<meta name=\"robots\" content=\"index, follow, max-snippet:-1, max-image-preview:large, max-video-preview:-1\" \/>\n<link rel=\"canonical\" href=\"https:\/\/roofcatstudios.com\/?page_id=719\" \/>\n<meta property=\"og:locale\" content=\"es_MX\" \/>\n<meta property=\"og:type\" content=\"article\" \/>\n<meta property=\"og:title\" content=\"Tiendamala - Roof Cat Studios\" \/>\n<meta property=\"og:description\" content=\"[cs_content _p=&#8217;719&#8242;][cs_element_section _id=&#8221;1&#8243; ][cs_element_layout_row _id=&#8221;2&#8243; ][cs_element_layout_column _id=&#8221;3&#8243; ][cs_element_headline _id=&#8221;4&#8243; ][cs_content_seo]Primary headline.nn[\/cs_content_seo][cs_element_headline _id=&#8221;5&#8243; ][cs_content_seo]Lorem ipsum dolor sit amet, consectetur adipiscing elit. Pellentesque pretium, nisi ut volutpat mollis, leo risus interdum arcu, eget facilisis quam felis.nn[\/cs_content_seo][\/cs_element_layout_column][\/cs_element_layout_row][\/cs_element_section][cs_element_section _id=&#8221;6&#8243; ][cs_element_layout_row _id=&#8221;7&#8243; ][cs_element_layout_column _id=&#8221;8&#8243; ][cs_element_headline _id=&#8221;9&#8243; ][cs_content_seo]Product Namenn[\/cs_content_seo][cs_element_layout_row_2 _id=&#8221;10&#8243; ][cs_element_layout_column_2 _id=&#8221;11&#8243; ][cs_element_button _id=&#8221;12&#8243; ][cs_content_seo]Learn morenn[\/cs_content_seo][\/cs_element_layout_column_2][cs_element_layout_column_2 _id=&#8221;13&#8243; ][cs_element_button _id=&#8221;14&#8243; ][cs_content_seo]Buynn[\/cs_content_seo][\/cs_element_layout_column_2][\/cs_element_layout_row_2][cs_element_image _id=&#8221;15&#8243; [&hellip;]\" \/>\n<meta property=\"og:url\" content=\"https:\/\/roofcatstudios.com\/?page_id=719\" \/>\n<meta property=\"og:site_name\" content=\"Roof Cat Studios\" \/>\n<meta property=\"article:publisher\" content=\"https:\/\/www.facebook.com\/roofcatstudios\" \/>\n<meta property=\"article:modified_time\" content=\"2026-01-12T21:05:58+00:00\" \/>\n<meta name=\"twitter:card\" content=\"summary_large_image\" \/>\n<meta name=\"twitter:label1\" content=\"Tiempo de lectura\" \/>\n\t<meta name=\"twitter:data1\" content=\"5 minutos\" \/>\n<script type=\"application\/ld+json\" class=\"yoast-schema-graph\">{\"@context\":\"https:\/\/schema.org\",\"@graph\":[{\"@type\":\"WebPage\",\"@id\":\"https:\/\/roofcatstudios.com\/?page_id=719\",\"url\":\"https:\/\/roofcatstudios.com\/?page_id=719\",\"name\":\"Tiendamala - Roof Cat Studios\",\"isPartOf\":{\"@id\":\"https:\/\/roofcatstudios.com\/#website\"},\"datePublished\":\"2026-01-12T05:22:26+00:00\",\"dateModified\":\"2026-01-12T21:05:58+00:00\",\"breadcrumb\":{\"@id\":\"https:\/\/roofcatstudios.com\/?page_id=719#breadcrumb\"},\"inLanguage\":\"es\",\"potentialAction\":[{\"@type\":\"ReadAction\",\"target\":[\"https:\/\/roofcatstudios.com\/?page_id=719\"]}]},{\"@type\":\"BreadcrumbList\",\"@id\":\"https:\/\/roofcatstudios.com\/?page_id=719#breadcrumb\",\"itemListElement\":[{\"@type\":\"ListItem\",\"position\":1,\"name\":\"Inicio\",\"item\":\"https:\/\/roofcatstudios.com\/\"},{\"@type\":\"ListItem\",\"position\":2,\"name\":\"Tiendamala\"}]},{\"@type\":\"WebSite\",\"@id\":\"https:\/\/roofcatstudios.com\/#website\",\"url\":\"https:\/\/roofcatstudios.com\/\",\"name\":\"Roof Cat Studios\",\"description\":\"Estudio de Producci\u00f3n Musical, Dise\u00f1o Sonoro y Post Producci\u00f3n\",\"publisher\":{\"@id\":\"https:\/\/roofcatstudios.com\/#organization\"},\"potentialAction\":[{\"@type\":\"SearchAction\",\"target\":{\"@type\":\"EntryPoint\",\"urlTemplate\":\"https:\/\/roofcatstudios.com\/?s={search_term_string}\"},\"query-input\":{\"@type\":\"PropertyValueSpecification\",\"valueRequired\":true,\"valueName\":\"search_term_string\"}}],\"inLanguage\":\"es\"},{\"@type\":\"Organization\",\"@id\":\"https:\/\/roofcatstudios.com\/#organization\",\"name\":\"Roof Cat Studios\",\"url\":\"https:\/\/roofcatstudios.com\/\",\"logo\":{\"@type\":\"ImageObject\",\"inLanguage\":\"es\",\"@id\":\"https:\/\/roofcatstudios.com\/#\/schema\/logo\/image\/\",\"url\":\"https:\/\/roofcatstudios.com\/wp-content\/uploads\/2023\/11\/RoofCatStudioLogo_v-copia-4-2.png\",\"contentUrl\":\"https:\/\/roofcatstudios.com\/wp-content\/uploads\/2023\/11\/RoofCatStudioLogo_v-copia-4-2.png\",\"width\":500,\"height\":154,\"caption\":\"Roof Cat Studios\"},\"image\":{\"@id\":\"https:\/\/roofcatstudios.com\/#\/schema\/logo\/image\/\"},\"sameAs\":[\"https:\/\/www.facebook.com\/roofcatstudios\",\"https:\/\/www.instagram.com\/roofcatstudios\/\"]}]}<\/script>\n<!-- \/ Yoast SEO plugin. -->","yoast_head_json":{"title":"Tiendamala - Roof Cat Studios","robots":{"index":"index","follow":"follow","max-snippet":"max-snippet:-1","max-image-preview":"max-image-preview:large","max-video-preview":"max-video-preview:-1"},"canonical":"https:\/\/roofcatstudios.com\/?page_id=719","og_locale":"es_MX","og_type":"article","og_title":"Tiendamala - Roof Cat Studios","og_description":"[cs_content _p=&#8217;719&#8242;][cs_element_section _id=&#8221;1&#8243; ][cs_element_layout_row _id=&#8221;2&#8243; ][cs_element_layout_column _id=&#8221;3&#8243; ][cs_element_headline _id=&#8221;4&#8243; ][cs_content_seo]Primary headline.nn[\/cs_content_seo][cs_element_headline _id=&#8221;5&#8243; ][cs_content_seo]Lorem ipsum dolor sit amet, consectetur adipiscing elit. Pellentesque pretium, nisi ut volutpat mollis, leo risus interdum arcu, eget facilisis quam felis.nn[\/cs_content_seo][\/cs_element_layout_column][\/cs_element_layout_row][\/cs_element_section][cs_element_section _id=&#8221;6&#8243; ][cs_element_layout_row _id=&#8221;7&#8243; ][cs_element_layout_column _id=&#8221;8&#8243; ][cs_element_headline _id=&#8221;9&#8243; ][cs_content_seo]Product Namenn[\/cs_content_seo][cs_element_layout_row_2 _id=&#8221;10&#8243; ][cs_element_layout_column_2 _id=&#8221;11&#8243; ][cs_element_button _id=&#8221;12&#8243; ][cs_content_seo]Learn morenn[\/cs_content_seo][\/cs_element_layout_column_2][cs_element_layout_column_2 _id=&#8221;13&#8243; ][cs_element_button _id=&#8221;14&#8243; ][cs_content_seo]Buynn[\/cs_content_seo][\/cs_element_layout_column_2][\/cs_element_layout_row_2][cs_element_image _id=&#8221;15&#8243; [&hellip;]","og_url":"https:\/\/roofcatstudios.com\/?page_id=719","og_site_name":"Roof Cat Studios","article_publisher":"https:\/\/www.facebook.com\/roofcatstudios","article_modified_time":"2026-01-12T21:05:58+00:00","twitter_card":"summary_large_image","twitter_misc":{"Tiempo de lectura":"5 minutos"},"schema":{"@context":"https:\/\/schema.org","@graph":[{"@type":"WebPage","@id":"https:\/\/roofcatstudios.com\/?page_id=719","url":"https:\/\/roofcatstudios.com\/?page_id=719","name":"Tiendamala - Roof Cat Studios","isPartOf":{"@id":"https:\/\/roofcatstudios.com\/#website"},"datePublished":"2026-01-12T05:22:26+00:00","dateModified":"2026-01-12T21:05:58+00:00","breadcrumb":{"@id":"https:\/\/roofcatstudios.com\/?page_id=719#breadcrumb"},"inLanguage":"es","potentialAction":[{"@type":"ReadAction","target":["https:\/\/roofcatstudios.com\/?page_id=719"]}]},{"@type":"BreadcrumbList","@id":"https:\/\/roofcatstudios.com\/?page_id=719#breadcrumb","itemListElement":[{"@type":"ListItem","position":1,"name":"Inicio","item":"https:\/\/roofcatstudios.com\/"},{"@type":"ListItem","position":2,"name":"Tiendamala"}]},{"@type":"WebSite","@id":"https:\/\/roofcatstudios.com\/#website","url":"https:\/\/roofcatstudios.com\/","name":"Roof Cat Studios","description":"Estudio de Producci\u00f3n Musical, Dise\u00f1o Sonoro y Post Producci\u00f3n","publisher":{"@id":"https:\/\/roofcatstudios.com\/#organization"},"potentialAction":[{"@type":"SearchAction","target":{"@type":"EntryPoint","urlTemplate":"https:\/\/roofcatstudios.com\/?s={search_term_string}"},"query-input":{"@type":"PropertyValueSpecification","valueRequired":true,"valueName":"search_term_string"}}],"inLanguage":"es"},{"@type":"Organization","@id":"https:\/\/roofcatstudios.com\/#organization","name":"Roof Cat Studios","url":"https:\/\/roofcatstudios.com\/","logo":{"@type":"ImageObject","inLanguage":"es","@id":"https:\/\/roofcatstudios.com\/#\/schema\/logo\/image\/","url":"https:\/\/roofcatstudios.com\/wp-content\/uploads\/2023\/11\/RoofCatStudioLogo_v-copia-4-2.png","contentUrl":"https:\/\/roofcatstudios.com\/wp-content\/uploads\/2023\/11\/RoofCatStudioLogo_v-copia-4-2.png","width":500,"height":154,"caption":"Roof Cat Studios"},"image":{"@id":"https:\/\/roofcatstudios.com\/#\/schema\/logo\/image\/"},"sameAs":["https:\/\/www.facebook.com\/roofcatstudios","https:\/\/www.instagram.com\/roofcatstudios\/"]}]}},"jetpack_sharing_enabled":true,"_links":{"self":[{"href":"https:\/\/roofcatstudios.com\/index.php?rest_route=\/wp\/v2\/pages\/719","targetHints":{"allow":["GET"]}}],"collection":[{"href":"https:\/\/roofcatstudios.com\/index.php?rest_route=\/wp\/v2\/pages"}],"about":[{"href":"https:\/\/roofcatstudios.com\/index.php?rest_route=\/wp\/v2\/types\/page"}],"author":[{"embeddable":true,"href":"https:\/\/roofcatstudios.com\/index.php?rest_route=\/wp\/v2\/users\/1"}],"replies":[{"embeddable":true,"href":"https:\/\/roofcatstudios.com\/index.php?rest_route=%2Fwp%2Fv2%2Fcomments&post=719"}],"version-history":[{"count":3,"href":"https:\/\/roofcatstudios.com\/index.php?rest_route=\/wp\/v2\/pages\/719\/revisions"}],"predecessor-version":[{"id":752,"href":"https:\/\/roofcatstudios.com\/index.php?rest_route=\/wp\/v2\/pages\/719\/revisions\/752"}],"wp:attachment":[{"href":"https:\/\/roofcatstudios.com\/index.php?rest_route=%2Fwp%2Fv2%2Fmedia&parent=719"}],"curies":[{"name":"wp","href":"https:\/\/api.w.org\/{rel}","templated":true}]}}